nits digit of m?
0
What is the tens digit of -1 + 4/12 + ((-653560)/(-15) - 2)?
6
Let s be 2202/(-11) - -3*(-14)/(-231). Let a = s - -279. What is the tens digit of a?
7
Let d be (119/(-2))/(6 + (-65)/10). What is the hundreds digit of (-651)/(7 - d/14)?
4
Let x(f) = -7*f**2 + 29*f - 24. Let w(u) = 6*u**2 - 28*u + 24. Let v(l) = -6*w(l) - 5*x(l). What is the tens digit of v(15)?
9
What is the tens digit of 15*(-2)/(-3) - (67 + -14777)?
2
Let g = -561 - -1170. Let d = g - 235. What is the hundreds digit of d?
3
Suppose 20 - 12 = 4*a. Suppose -a*i - 28 = 3*p, -i = -0*p - p - 6. What is the units digit of (-490)/(-8) - (-2)/p?
1
Let i be (-1)/((-365)/60 + 6) + -1. Suppose i*w + 0*w - 6248 = 0. What is the hundreds digit of w?
5
Let h be (1 - (-7)/(-5)) + 1632/30. Let z(f) = f**3 - 3*f**2 - f - 4. Let r be z(3). Let j = r + h. What is the units digit of j?
7
Suppose 18*v = 271 + 107. What is the hundreds digit of ((-2088)/v)/(2/(-14))?
6
Suppose -27*n + 72448 = 4*l - 29*n, -90550 = -5*l + 5*n. What is the tens digit of l?
1
Let o = 514 - 412. Let h = 1 + 3. Suppose -2*k + o = h*k. What is the tens digit of k?
1
Suppose 209*g = 208*g + 5. Suppose 6*j - 208 = 5*j + g*f, 0 = 4*j - 5*f - 892. What is the units digit of j?
8
What is the tens digit of (-5)/(-3)*(-65)/(2600/(-475248))?
0
Let z = 123 + -273. Let j = -135 - z. What is the hundreds digit of ((-245)/j - -4)/((-3)/36)?
1
Suppose -7014 = -4*j - 2*l + 21496, 3*l = -j + 7140. What is the tens digit of j?
2
Suppose 0*y = 3*y - 777. Let z = -7092 + 7230. Let q = y - z. What is the units digit of q?
1
Let d(c) = -134*c - 28. Let m(r) = 67*r + 14. Let a(n) = 4*d(n) + 7*m(n). Let u be a(5). Let t = -233 - u. What is the hundreds digit of t?
1
Let y(m) = 2*m**2 - 52*m - 195. What is the thousands digit of y(-66)?
1
Let t(d) = -2*d**2 - 126*d - 114. What is the thousands digit of t(-28)?
1
Suppose -5*c - 50*c = -21*c - 798694. What is the ten thousands digit of c?
2
Suppose 7*q = 211 + 27. Let d be (-35)/(-10)*q - -1. Let z = 261 - d. What is the hundreds digit of z?
1
Suppose 5 = -5*m, -2 = -5*y - 2*m - 14. What is the units digit of y - (-4 - 55)*6?
2
Let w(f) = 80*f - 8. Let k be w(-4). Let u be 2/4 + k/16. Let j = 48 + u. What is the units digit of j?
8
Let j(z) be the first derivative of -17*z**2/2 - 7*z - 1. Let s = 1908 - 1912. What is the units digit of j(s)?
1
Let r = -1989 + 2892. Suppose 3*f - 533 = -2*t, -5*f + 3*t + r = -17. What is the hundreds digit of f?
1
Let y(w) = w**3 - 31*w**2 + 439*w + 37. What is the hundreds digit of y(25)?
2
Suppose x + 17 = 4*f, -2*f + 16 = f - 4*x. Suppose 2*w = 3*z + 593, -f*w + 4*z - 295 = -1487. What is the tens digit of w?
0
Let x(r) = -49*r**2 + 2*r + 1. Let s be x(-1). Suppose -3*w - 192 = -3*h, 0 = 4*w - 0*h + 2*h + 250. Let d = s - w. What is the units digit of d?
3
Let z(d) = 2*d**3 + 19*d**2 + 6*d - 22. Let f be z(-9). Let v be 9/f*(-3 + -2). What is the units digit of (-6)/(2 - v*(-3)/9)?
6
Let x = 8034 + -624. What is the tens digit of x?
1
Let l(d) = 3*d - 8. Let y be l(5). Suppose 3*n + y = 175. What is the units digit of n/2*((-165)/(-20) - 1)?
3
Let q = -107638 - -152808. What is the thousands digit of q?
5
Suppose 3*d + 3*u - 1722 = 27855, -19722 = -2*d - 4*u. What is the units digit of d?
7
Suppose 0*t = 2*t - 4*m - 46, -2*m - 50 = -2*t. What is the tens digit of 27/(-2)*(-36)/t + 3?
2
Suppose 0 = q - 13 + 73. What is the thousands digit of ((-7038)/(-15))/(5 + 282/q)?
1
Suppose 4*t - 60613 = 9263. What is the hundreds digit of t?
4
Let j(k) = k**2 - 23*k + 101. Let m be j(4). Suppose 37*l - 109802 = -m*l. What is the thousands digit of l?
1
Suppose 9*b - 31595 - 62347 = 0. What is the ten thousands digit of b?
1
Let g(j) be the second derivative of -7*j**3 - 13*j**2 - 5*j. Let c be g(-6). Suppose 68 = 3*p - c. What is the tens digit of p?
9
Let h = 43 - 36. Let q(v) = 46*v + 15. Let b be q(h). What is the units digit of b/3 - -4*1/6?
3
Let k(y) = -y**3 + 13*y**2 + 15*y - 9. Let n be k(14). Let s(b) = 24*b + 11. What is the hundreds digit of s(n)?
1
Let f(b) = 4*b + 87. Let m be f(-20). Suppose -m*s + 5*s + 1680 = 4*r, 824 = 2*r + 5*s. What is the units digit of r?
2
Let v(h) = 71*h - 15*h + 55*h - 3. What is the units digit of v(4)?
1
Let c = 43849 + -29976. What is the tens digit of c?
7
Let m(s) = 223*s + 34. Let r be m(6). Let x = -122 + r. What is the thousands digit of x?
1
Let d be -69*(21/(-18))/(-7)*-2. Let t(v) = 62*v - 234. What is the tens digit of t(d)?
9
Suppose -94744 = -4*l + k + 47036, 141788 = 4*l - 2*k. What is the ten thousands digit of l?
3
Suppose -166*l = -165*l + a - 2706, -5*l - 3*a = -13516. What is the thousands digit of l?
2
Suppose -m = -2 + 3, -25306 = -5*r - 4*m. Suppose 6338 = 5*i + 6*s - 5*s, 0 = 4*i - 2*s - r. What is the hundreds digit of i?
2
Suppose 4*f + 5 = 2*r + 17, 3*r = -3*f. Suppose -f*u = 3*z - 8, -2*u = -7*u - 4*z + 27. Suppose -384 = u*h - 10*h. What is the units digit of h?
8
Let z = 1585 + 583. Suppose -6*b + z = -556. What is the units digit of b?
4
Let f = 29313 + 4979. What is the tens digit of f?
9
Let d(v) = 28*v**2 + v + 16. Let c be d(-3). Let p(i) = -i**3 + 15*i**2 - 8*i + 12. Let t be p(15). Let z = t + c. What is the units digit of z?
7
Suppose 0 = 6*i - 2*i + 2*r - 86, -3*i + 57 = 3*r. Suppose 0 = -7*g + 25 + i. What is the units digit of (19/3)/(g/147)?
3
Suppose 0 = -2*p + 47 - 37. Suppose 968 = 2*a + 4*z, -p*z = -32*a + 34*a - 966. What is the hundreds digit of a?
4
Suppose 3*i - 2*k + 2921 = 0, -3*k - 4 = -k. Let g = i - -1677. What is the hundreds digit of g?
7
Suppose 5*d = y - 10, -2*d = -2*y - 5*d - 6. Suppose y = 4*q - a - 48, 0 = q - 0*a - 4*a - 12. Suppose -4*u + 236 = q. What is the tens digit of u?
5
Suppose 4*r = -3*b - 3144, 563 + 485 = -b + 3*r. Suppose -5*l = 14 + 6. What is the units digit of 1/(4188/b - l)?
2
Let o = 38579 + -11694. What is the hundreds digit of o?
8
Let y(u) = -54 - 26*u + 2*u - 66 - 12 - 35*u. What is the hundreds digit of y(-5)?
1
Let t(x) = -78*x + 1. Let z be t(1). Let y = z - -81. What is the tens digit of (-16490)/(-187) - y/22?
8
Suppose 63440 = 422*c - 396*c. What is the thousands digit of c?
2
Let i(h) = 31*h**2 - 33*h - 539. What is the thousands digit of i(-14)?
5
Suppose 3*l + 6499 = t, 0 = 3*l - 22 + 25. What is the hundreds digit of t?
4
Let i(p) = -p**3 + 5*p**2 + 21*p - 30. Let c be i(7). Suppose 3*t + c = -5. Let g = 2 - t. What is the tens digit of g?
1
Let a(g) = g**2 - 6*g - 6. Let h be a(6). Let d(t) = 5*t**2 + 17*t + 12. What is the units digit of d(h)?
0
Suppose 3*m = -0*m - 15. Let t be (8/m)/((8/(-10))/2). What is the hundreds digit of (-4914)/(-49) + t/(-14)?
1
Let d = -8239 - -13613. What is the tens digit of d?
7
Suppose -a + 3 = -0*a, y + 10 = 4*a. Suppose 5*g - 15 = -5*z, 6*g - y*z - 24 = 2*g. Suppose -184 = g*t - 649. What is the tens digit of t?
9
Suppose -64*g - 58*g + 1087502 = 175430. What is the units digit of g?
6
Let h(p) = 4*p**3 - 3*p**2 + 3*p + 2. Let d be h(2). Suppose -49 - d = c. Let r = 91 - c. What is the tens digit of r?
6
Let x(l) = l**3 - 32*l**2 + 12*l + 25405. What is the thousands digit of x(0)?
5
Suppose w + 4*l = 14145, 2926 - 45326 = -3*w - 5*l. What is the tens digit of w?
2
Let h(p) = 9099*p**2 + 335*p - 680. What is the thousands digit of h(2)?
6
Suppose 0 = 19*f + 1476 - 336. Let u = f - -677. What is the tens digit of u?
1
Suppose 63*n - 59*n + 374 = h, -3*h + 2*n = -1132. What is the tens digit of h?
7
Let w(y) = -23 + 5 - y**2 - 13 - 21 + 33*y + 2. What is the units digit of w(17)?
2
Let x = 4 - 0. Let q(t) = -26*t - 1. Let n(g) = 53*g + 6. Let m(f) = 3*n(f) + 5*q(f). What is the tens digit of m(x)?
2
Let g(m) = -2*m + 13. Let w be g(4). Suppose 2*s = -2*o + 2, -2*o - o + 27 = -w*s. What is the units digit of 6/(-27) - (3759/(-27) + o)?
5
Suppose 4*f = -4*y + 40, -3*f - 5*y + 48 = 8. Suppose f*o - 1308 = -68. Let s = o - 170. What is the tens digit of s?
7
Let s(g) = 6*g**2 - g + 100. Let l be ((-1)/(-3))/((-109)/27 + 4). What is the tens digit of s(l)?
9
Suppose 7*y - 70 = 56. Suppose -6*j = -y*j + 36. Suppose 2*d - 4*c = 5*d - 53, 22 = d - j*c. What is the tens digit of d?
1
Suppose 252*o - 253*o = -1. What is the hundreds digit of (-10)/(-50) - o/((-10)/10518)?
0
Suppose -5*m + 